e -12 = 3*v, 3*v = 3*k + 8*v + 17. Let m be (3*-1)/(15/(-10)). Suppose -m*w = 3*w - 5. What is the highest common divisor of w and k?
1
Let r = -908 - -971. What is the greatest common divisor of 77 and r?
7
Suppose -4*o = 0, 4*z - 4*o = 5*z + 17. Let q = 25 + z. Calculate the highest common factor of 6 and q.
2
Let t = -268 + 281. Calculate the greatest common divisor of 221 and t.
13
Let b(a) = -a**3 + 13*a**2 - 12*a + 13. Let n be b(12). Let c = n + -17. Let r be 3/(c/(3200/(-12))). Calculate the highest common factor of 20 and r.
20
Suppose -3*w = -2*w - 24. Let f be ((-5)/10)/(1 - 242/240). Calculate the greatest common factor of f and w.
12
Let k = 0 + -1. Let w(f) = 473*f**3 - f**2 + 2*f + 2. Let s be w(k). Let m = -221 - s. Calculate the greatest common divisor of m and 23.
23
Suppose -4*m + 5*j = 4*j - 29, m + 5*j = -19. Let f = -347 + 359. What is the greatest common factor of f and m?
6
Suppose -4*u + 65 = -139. Suppose -3*k + u = -39. Let c = k - 18. Calculate the greatest common divisor of 12 and c.
12
Suppose -7*r = -11*r, -5*j = 5*r - 150. Suppose 0*z = 2*z - 12. Calculate the greatest common divisor of z and j.
6
Let y be (125 - 124)/((2/(-285))/(-2)). Calculate the greatest common divisor of y and 30.
15
Let o(w) = -2*w**3 + 19*w**2 - 10*w - 10. Let k be o(8). Let t = -79 + k. Calculate the greatest common divisor of 23 and t.
23
Suppose 4*j - 3*g - 107 = 0, j - 3*j = -2*g - 52. Let w = j + -21. Calculate the greatest common factor of 8 and w.
8
Suppose g - 42 = -11*b + 13, -3*g + 41 = 2*b. Let s(v) = v**3 - 2*v**2 - 4*v. Let n be s(5). Calculate the highest common factor of n and g.
11
Let a = 15 - 13. Suppose -3*h - a*h + 35 = 0. Calculate the highest common factor of h and 28.
7
Suppose 6 - 2 = 2*g. Suppose -5*o - 2*c = -485, -4*o + 2*c + 388 = -g*c. Suppose 3*n - o = 200. What is the greatest common divisor of n and 9?
9
Let t(b) = 20*b - 43 + 16*b - 49*b + 15*b. Let m be t(22). Calculate the greatest common divisor of m and 6.
1
Let q(f) = -f**2 + 15*f - 12. Let p be q(11). Calculate the greatest common factor of 32 and p.
32
Suppose -65*c + 84 = -58*c. Let s = -38 + 122. Calculate the highest common divisor of c and s.
12
Suppose -13*d + 10*d = -135. Let a(z) = 5*z**2 + 3*z - 4. Let p be a(-3). Let y be (-12)/6 + (p - 0). What is the highest common divisor of y and d?
15
Suppose -128 = -2*g + 6*t + 68, 2*g = -4*t + 216. What is the highest common divisor of g and 598?
26
Let l be (-4 - (-3 - 1)) + 3. Suppose -5*p - 480 = -3*v - v, -600 = -5*v - l*p. Calculate the greatest common divisor of v and 15.
15
Let b(w) = -25*w + 40. Let l be b(-4). Calculate the greatest common factor of 56 and l.
28
Let u = -28 + 33. Let o = 17 + -16. Suppose 0*m = -m + o. What is the greatest common factor of u and m?
1
Let r be (-3)/(-4) + 117/4. Let w = -6 + r. What is the greatest common divisor of w and 24?
24
Suppose -5*a - 38 = -123. What is the greatest common divisor of a and 1?
1
Let t(w) = 4*w. Let q be t(2). Suppose q*i + 3 = 5*i. Let z = 6 + i. What is the greatest common divisor of z and 15?
5
Suppose 3*f + 5*f = 88. Let c = 1 - 1. Suppose c*p = p - 55. Calculate the greatest common factor of f and p.
11
Let p = 8 + 2. Let u = 16 - p. Let n be (6/4)/(-1)*-6. What is the highest common factor of n and u?
3
Let f be (52*7/(-14))/(-1). What is the highest common factor of f and 4?
2
Suppose -l = 5*x + l - 756, 148 = x + 2*l. Calculate the greatest common factor of 209 and x.
19
Let p = -485 + 613. Let s(i) = 3*i**3 - 2*i**2 - i + 2. Let w be s(2). Calculate the greatest common divisor of w and p.
16
Suppose 4*s - w - 107 = 0, 5*s - 7*w = -2*w + 115. Let b = -2 - -5. Let a be (1/b)/(1/12). What is the greatest common divisor of a and s?
4
Let o(f) = 2*f**2 + 6*f - 2. Let d be o(-5). Let l be (-900)/80*(-32)/20. Calculate the greatest common factor of l and d.
18
Suppose 0 = 2*h + 2*g - 24, -h - g = -2*h + 16. Suppose 4*o - 62 = -h. What is the highest common factor of o and 60?
12
Let u(s) = 6*s**2 + s. Let b be u(1). Suppose 2*c = -b + 123. What is the highest common divisor of c and 87?
29
Let w be (4 + (-208)/28)/((-2)/63). Calculate the highest common divisor of w and 18.
18
Let n(u) = -u + 3. Let l be n(3). Let q be 37/74 - ((-510)/4 - l). What is the highest common divisor of 8 and q?
8
Suppose 17*h - 48 = 14*h. Calculate the highest common factor of h and 1008.
16
Let h(p) = -2*p - 4. Let w be h(-7). Let v = -31 + 36. Suppose -3*c - v*g + 64 = -g, 3*c - 59 = g. Calculate the greatest common divisor of w and c.
10
Let k = 218 - 184. Let b be 1 + -1 + 1 - 0. Let x be 1/(b/(170/2)). Calculate the greatest common divisor of x and k.
17
Let p be 1375/35 - (-4)/(-14). Let t = -48 + 74. Calculate the highest common factor of p and t.
13
Suppose -n - 8*f = -3*f - 309, 274 = n - 2*f. Let x = 416 - n. Let c = -30 + 42. What is the greatest common divisor of x and c?
12
Let p(s) = 28*s - 2. Let y(j) = j**2 - j - 4. Let c be y(3). Let r be p(c). What is the greatest common divisor of 18 and r?
18
Let d = 70 + -22. Suppose 16 = -4*l, 0 = -7*b + 3*b - 2*l + d. Let c = b - 3. What is the highest common factor of c and 88?
11
Let f = 841 + -542. What is the greatest common factor of f and 69?
23
Let d(m) = 9*m - 7. Let b be d(5). Let y = 59 - b. Calculate the greatest common factor of 105 and y.
21
Let s = 148 - 49. Suppose -3*i = 18 - s. What is the highest common factor of 3 and i?
3
Let t be 2/10 - (-208)/10. Suppose 4*r - r = 3*b - t, -5*r = 2*b - 42. What is the greatest common divisor of b and 22?
11
Let n = 12 + -12. Suppose f - 30 = -n*f. Suppose -4*t - 10 = -f. What is the highest common factor of 55 and t?
5
Let c(v) = -7*v + 53. Let w be c(7). Calculate the greatest common divisor of w and 28.
4
Let u = 8 - -12. Let c be (12/21)/(8/28). Suppose 3*l = g + 11, 0*g - 8 = -c*g. Calculate the greatest common divisor of u and l.
5
Suppose -u = -5 + 3. Suppose -8*s + 3*s + 275 = u*h, -5*h + 672 = -3*s. Let f = 53 - 26. What is the greatest common divisor of f and h?
27
Suppose 511 = 5*w + 161. Let m = -20 + w. Let v = m - 29. What is the highest common divisor of v and 7?
7
Let d(u) = -u**2 + 7*u + 34. Let v be d(9). What is the greatest common factor of v and 400?
16
Suppose 0 = 5*d - 8 + 48. Let g = 11 + d. Suppose 34 + 240 = 4*q - n, 0 = -q + g*n + 63. What is the highest common divisor of 46 and q?
23
Let w = 49 - 32. Suppose -w = -z + 18. Suppose 0*k - z = -k. What is the highest common factor of k and 14?
7
Let d = -14 - -2. Suppose -7*p + 2*p = -125. Let j = p + d. What is the greatest common divisor of j and 13?
13
Suppose -5*i - 33 = -8*i. Let k(r) = r**3 - 23*r**2 + 92*r + 30. Let a be k(18). What is the highest common factor of i and a?
11
Suppose -10 = -o - 9, 4*b + 2*o = 282. Let z = 262 - b. What is the greatest common factor of 12 and z?
12
Let r be (-488)/(-20) - 3/(-5). Calculate the greatest common factor of r and 50.
25
Let o = 41 + -36. Suppose -o*b + 306 = -134. Let l = 15 + -4. Calculate the highest common factor of l and b.
11
Let l = 569 - 105. What is the greatest common divisor of 29 and l?
29
Suppose -6*x - 4 = -7*x. Suppose y - 4 = 3*y, w = x*y + 47. What is the highest common factor of w and 13?
13
Let k(s) = 192*s + 284. Let w be k(-1). Calculate the greatest common factor of 414 and w.
46
Let w(s) be the third derivative of -s**4/4 + s**3/2 - 13*s**2. Let g be w(-2). What is the highest common factor of g and 45?
15
Suppose -q - 128 = -2*q. Let k = 10 - 7. Let t be (-4)/k*(-8 - 4). What is the greatest common divisor of t and q?
16
Let a be 2 - (-39 - (2 - 3)). Let g be (-70)/(-1*(5 - 3)). Let r = 45 - g. Calculate the highest common divisor of r and a.
10
Let d = 51 - 27. Let n = d - -3. Calculate the greatest common divisor of 18 and n.
9
Suppose 1725 = -8*d - 7*d. Let a = d + 135. Let l(m) = m**2 - 3*m + 4. Let f be l(3). What is the greatest common factor of f and a?
4
Suppose 8470 - 840 = 14*l. Calculate the highest common factor of 436 and l.
109
Let h = -189 - -217. Suppose 2*p = p + 34. Suppose 2*a - 59 = i, 0 = -a + 2*i - 0*i + p. What is the highest common factor of h and a?
28
Let h be (-147070)/(-91) - (-34)/(-221). Calculate the greatest common divisor of 32 and h.
16
Let h = -100 - -105. Le